 -4*x + 8, -4*l = -x + 6*x - 3. What is the units digit of l?
7
Let a be (10/(-4) - -2)*-14. Let p = a + -5. Suppose 0 = -5*v + 2*l + 19, -p*v + l + 10 = -l. What is the units digit of v?
3
Let f(i) = -i**3 + i + 5. Let s be f(0). Suppose -s*v + 7 + 53 = 0. Suppose -4*a + 56 = -2*p, -a + v = -0*a - p. What is the tens digit of a?
1
Let v be (1/(-3))/(1/3). Let x = 5 - v. What is the units digit of x?
6
Suppose -67 = -5*o + 103. What is the units digit of o?
4
Let t(h) = h + 5. Let o(c) = c**2 + 8*c + 4. Let v be o(-7). What is the units digit of t(v)?
2
Suppose -2*l - b = -56, 2*b - b = -4. What is the units digit of l?
0
Suppose u = -16 + 100. What is the units digit of u?
4
Suppose 260 = 5*m - 20. Let l = -39 + m. What is the units digit of l?
7
Let o = -18 + 9. Let y(q) = q**2 + 7*q - 1. What is the units digit of y(o)?
7
Suppose 3*w - 44 = 25. Let j = w + -10. What is the tens digit of j?
1
Let q(p) = 3*p**2 + 6*p - 2. What is the tens digit of q(-5)?
4
What is the units digit of (2*-1)/((-8)/272)?
8
Let o = -24 + 111. What is the units digit of o?
7
Let m(t) = t**3 - 8*t**2 - 5*t - 2. What is the tens digit of m(9)?
3
Suppose 5*f = 3*j + 4 + 7, 4*f = -5*j + 31. Suppose f - 5 = -i. What is the units digit of i?
1
Let m(v) = -v**3 - 2*v**2 + 4*v - 2. Let p be m(2). What is the tens digit of ((-112)/20)/(4/p)?
1
Suppose -3*q = -2*n - 3, -4*n - 5*q = 8 + 9. Let w = n + 5. What is the units digit of w?
2
Let i be -4*(-1)/(4/6). What is the units digit of (-27)/18*(-68)/i?
7
Suppose -39 = -0*m - 3*m. Suppose 0 = 2*o - 35 + m. What is the tens digit of o?
1
Let g(x) = x**2 - 8*x + 3. Let n be g(8). Suppose 0 = -2*b + n*b + 2. What is the units digit of (-222)/(-42) - b/(-7)?
5
Let u(t) = -t**3 + 6*t**2 - 5*t - 3. Let i be 6/2*(-4)/(-3). What is the units digit of u(i)?
9
Suppose -h + 0 = -163. What is the hundreds digit of h?
1
Let k = 47 - 25. Suppose 0 = -4*x + 34 + k. What is the units digit of x?
4
Suppose -18*s + 14*s + 88 = 0. What is the tens digit of s?
2
Suppose w + 5*w = 72. What is the units digit of w?
2
Let w(h) = 2*h**2 - h + 4. Let r(k) = -2*k**2 - 3. Let z(a) = -4*r(a) - 3*w(a). What is the units digit of z(-2)?
2
Let z(i) = -3*i**3 + 11*i**2 - 22*i + 2. Let d(u) = -u**3 + 4*u**2 - 7*u + 1. Let c(q) = 7*d(q) - 2*z(q). Suppose 6 = 5*r - 9. What is the units digit of c(r)?
5
Suppose -194*z + 190*z + 1280 = 0. What is the tens digit of z?
2
Let g(k) = 4*k - 3. Let q be g(4). Let v = q + 6. What is the tens digit of v?
1
Let g(s) = s + 4. Let r be g(4). Suppose -k - r = 3. Let w = -5 - k. What is the units digit of w?
6
Let r(b) = -2*b**2 - 2*b - 1. Let k be r(2). What is the units digit of 2/(-6)*(1 + k)?
4
Suppose 2*l = 31 + 11. What is the units digit of l?
1
Let y(t) = 161*t**2 + 8*t + 7. What is the tens digit of y(-1)?
6
Let j(u) = -u**2 + 8*u + 13. Let t be j(10). What is the units digit of (-6)/(-2) + (t - -10)?
6
Suppose 3*u - r = -12, -3*u - 5*r + 4 = -4*u. Let y be (1/(-2))/(u/(-56)). Let g = y + 12. What is the units digit of g?
5
Let p(a) be the third derivative of 2*a**2 + 3*a**3 - 1/24*a**4 + 0 + 0*a. What is the units digit of p(9)?
9
Let p = 182 - 122. What is the tens digit of p?
6
Suppose 0 = -5*c + 5*v + 60, -c + 3 = 3*v + 11. What is the units digit of c + -2 + 0 + -3?
2
Suppose -3*a - 15 = -8*a. Let o = -19 - -33. Suppose -4*b + 2*y + y = -o, -a*y + 21 = 3*b. What is the units digit of b?
5
Suppose -4*v = -3*v. Suppose v = 3*j - 7 - 14. What is the units digit of j?
7
What is the units digit of 54/3 - (-2)/(-2)?
7
Let j(c) = c**2 + 6*c + 4. What is the tens digit of j(-7)?
1
Suppose 3*s - 114 = -s - 2*c, 84 = 3*s + 3*c. What is the tens digit of s?
2
Let v = 6 + -3. Suppose 1 = 4*d - v. Let z = d + 4. What is the units digit of z?
5
Let d = 15 - 23. Let b be (-3)/(-6)*d/(-2). What is the units digit of b/(-8) + 63/12?
5
Let a be -1 - ((-2)/1 + -4). Suppose a*y = -8 + 58. Suppose -3*n + y = 2*n. What is the units digit of n?
2
Let o be (2/(-4))/((-8)/96). What is the tens digit of (88/(-12))/((-4)/o)?
1
Let h = -9 + 6. Suppose 0 = 4*l - 17 - 3. Let b = h + l. What is the units digit of b?
2
Let b = 36 - 22. What is the tens digit of b?
1
Suppose 0 = -6*m + 306 + 120. What is the tens digit of m?
7
Let p(h) = 2*h**3 - 5*h**2 + 3*h + 3. Suppose -4*j + 13 = -k, -2*j + 3*k - 4*k + 5 = 0. Let g be p(j). Let n = -15 + g. What is the units digit of n?
6
Let t(r) = -r**3 - r**2 + 3*r + 35. What is the units digit of t(0)?
5
Suppose q = 4, 2*i - 7*i - 2*q = -853. What is the tens digit of i?
6
Let v(a) = -5*a - 15. What is the units digit of v(-8)?
5
Let s be 72/3*(-2)/(-3). Suppose -s = -2*r - 0*r. What is the units digit of r?
8
Let l(g) = g**3 - g**2 + g + 117. What is the hundreds digit of l(0)?
1
Suppose -6*h + 5 = -h. Let m be 2 + h*-2 + 4. Suppose 5*o + d = 55, -o + m*o + 5*d - 33 = 0. What is the tens digit of o?
1
Let t = 8 - 4. Suppose t*n - 5*s - 29 = 0, 5*n - 4*s - 46 = -s. What is the tens digit of n?
1
Suppose -4*u = 35 + 41. Let j = u + 31. What is the units digit of j?
2
Let b(g) be the third derivative of g**6/120 - 7*g**5/60 - g**4/24 - 8*g**3/3 - 5*g**2. What is the units digit of b(8)?
0
Let d = -28 + 62. Suppose -d + 7 = -3*v. What is the units digit of v?
9
Let r(q) = -q**3 - 5*q**2 + 4*q. What is the units digit of r(-6)?
2
Let c = 57 + -37. What is the tens digit of c?
2
Suppose 4*s + c = 185, 2*c + 51 = 2*s - 49. What is the units digit of s?
7
Suppose -8 + 84 = 2*h. Suppose 4*b - h = -3*p, 5*p + 0*b - 70 = -5*b. What is the units digit of 4/p + 43/9?
5
Let f be 0/(-2) + -2 - -23. Let q be ((-12)/(-21))/(6/f). Suppose -2*m + 7 = 2*g - 5, q*g = -m + 7. What is the units digit of g?
1
Let s(x) = -x**3 + 8*x**2 + 6*x - 7. What is the units digit of s(8)?
1
Suppose -1 = -t + 5. What is the units digit of t?
6
Let z be -10*(-2)/10*2. What is the units digit of ((-4)/6)/(z/(-12))?
2
Let n be (-3)/((-6)/5)*2. Suppose 6*c - c = n. What is the units digit of c?
1
Suppose 3*l - 11 = y - 0*y, -2*l = y - 4. What is the units digit of 9 + -3 + l*-1?
3
Suppose 2*p - 5*p = -9. Suppose -p*b + 51 = -3*w, 2*b + 5*w = 5*b - 53. What is the tens digit of b?
1
Suppose 3*k + k = 0. Suppose k*s + s = 1. What is the units digit of s?
1
Let x(b) = 13*b**2 - 10*b + 5. What is the tens digit of x(2)?
3
What is the hundreds digit of (-366)/(-54) - 7 - (-2074)/18?
1
Suppose 5*u = -5*z - 0*z + 200, 155 = 4*u + 3*z. What is the units digit of u?
5
Let g(c) = -c - 5. Let v be g(-2). Let s be 16 + 1 - (-2 + 4). Let q = s - v. What is the tens digit of q?
1
What is the tens digit of 20/(8/12 + 0)?
3
Let z(o) = 0 + 2 + 0 - 5 + 3*o. What is the tens digit of z(7)?
1
Suppose -2*g = -0*g - 3*x + 21, 3*x = 4*g + 51. Let h be 1*3*(-25)/g. Suppose h*v + 20 = 5*s - 5, 0 = 3*s + v - 35. What is the units digit of s?
0
Let g = -59 + 112. What is the units digit of g?
3
Let t(b) = -b**3 - 6*b**2 + 6*b - 3. Let z be t(-7). Suppose i - 11 = 2*p - 4, -2*p = 2*i + z. What is the tens digit of 10 + (0/i)/3?
1
What is the tens digit of (-654)/(-10) + (-2)/5?
6
Let h be 1 - -1 - (0 + 1). Suppose 3*r + 5*g + 10 = 0, 3 - h = -g. What is the units digit of 6 + 5 - (r + 1)?
0
Suppose -5*j + 17 = -2*p - 123, 5 = -p. What is the units digit of j?
6
Let n(v) = v - 4. Let a be n(4). Suppose -3*i + 18 = -36. Suppose a = 3*r - i. What is the units digit of r?
6
Let b be ((-3)/(-6))/((-3)/36). Let w(q) = -5*q. What is the tens digit of w(b)?
3
Suppose -16 = -4*x, f - 3*x - 4 = -f. Suppose -r - 4*r + f = 4*h, h = -5*r + 2. Suppose r*z = -2*z + 14. What is the units digit of z?
7
Suppose 4*q + 38 - 6 = 0. Let t = 6 + q. Let h = t + 13. What is the units digit of h?
1
Let p = 107 + -63. Suppose -4*x - p + 6 = -3*v, 5*v - 42 = -4*x. What is the units digit of v?
0
Let v = -4 + 6. Suppose 5*j + 5 = -15, -23 = -5*z + v*j. What is the units digit of z?
3
Suppose 5*u - 11 = -5*l + 34, -2*u - 7 = -3*l. Suppose 0 = -5*a + 5*v + l, 0 = 3*a + 2*a - 3*v - 9. What is the units digit of a?
3
Let f be (-3)/(-6) + (-196)/(-8). Let d = f + 19. Suppose 0*l - d = -2*l. What is the tens digit of l?
2
Let x(m) = m**2 - 2*m - 1. Let h be x(4). Suppose -11 = -s - h. What is the units digit of s?
4
Suppose -2*f + 3*s + 9 = -9, 3*f - 21 = 3*s. Suppose f*o + 8 = -b, -5*o - 19 = 5*